t is 351031 (base 12) in base 3?
1121021122101
Convert d9d9 (base 15) to base 10.
46104
Convert 14101436 (base 7) to base 8.
5001430
What is 15850544 (base 9) in base 11?
453789a
Convert 61980 (base 10) to base 3.
10011000120
Convert -6382455 (base 9) to base 2.
-1101000010111111010001
Convert -64030106 (base 7) to base 13.
-117979a
What is 10101110101011110001 (base 2) in base 12?
2a6095
-10000111110100000110100 (base 2) to base 8
-20764064
What is -9a3007 (base 11) in base 2?
-110000110100101111101
What is 2439a96 (base 11) in base 10?
4244543
What is 8530b (base 12) in base 14?
47a9d
Convert -16971 (base 13) to base 11.
-2a635
Convert -2405654 (base 8) to base 3.
-1020110002021
10010110100111110 (base 2) to base 6
1353010
-1747746 (base 10) to base 4
-12222230202
-204324013 (base 5) to base 6
-30153443
Convert -17103146 (base 9) to base 13.
-1a0b302
Convert 21302323 (base 5) to base 7.
1354261
Convert 247762 (base 10) to base 9.
416771
What is -304252333 (base 6) in base 13?
-1119984
-188912a (base 12) to base 8
-23532562
Convert -2020233003 (base 4) to base 10.
-560067
2185650 (base 11) to base 2
1110100110110000000001
What is -11c607b (base 13) in base 9?
-11404732
-9665 (base 13) to base 14
-786a
-c8880 (base 14) to base 3
-220121210001
What is -1102014001 (base 5) in base 12?
-9670a6
10613 (base 13) to base 12
1515b
590f50 (base 16) to base 7
100416253
Convert -3240043 (base 5) to base 12.
-28254
Convert -56c95 (base 13) to base 4.
-212212321
-183b42 (base 15) to base 10
-1177037
What is 1757871 (base 11) in base 7?
34231203
-51d84d (base 14) to base 11
-16192a6
-113925 (base 13) to base 5
-101023442
What is 21033222 (base 6) in base 10?
611150
Convert 40230231 (base 5) to base 3.
121021220110
What is 7152810 (base 9) in base 11?
2175614
Convert -2b173 (base 13) to base 9.
-133773
Convert 11011110100021 (base 3) to base 2.
1000011100011001110110
Convert -10415054 (base 6) to base 15.
-62d1a
-1b16b90 (base 13) to base 4
-202022031333
What is 3648328 (base 9) in base 4?
13203220202
231902 (base 12) to base 5
121003043
Convert 73860 (base 11) to base 14.
2b278
-108b69b (base 13) to base 2
-10011011000011000011110
Convert -31114014 (base 5) to base 16.
-3e133
Convert -206a41 (base 11) to base 10.
-331343
-27342b (base 15) to base 2
-111001100000000011111
What is -1001230 (base 5) in base 2?
-11110111000111
122002012001 (base 3) to base 15
6993a
36125324 (base 7) to base 2
1100001101010000001100
What is 222a7 (base 13) in base 16?
f227
-134508 (base 12) to base 7
-2465045
Convert -5440478 (base 9) to base 4.
-23020321220
What is 1220212210 (base 3) in base 14?
dad7
-3c584 (base 15) to base 7
-1434334
Convert -16425151 (base 8) to base 3.
-21011200000011
What is -153a4 (base 13) in base 6?
-510015
-1280a (base 15) to base 5
-3343220
What is -657143 (base 10) in base 7?
-5404604
Convert -220122202200001 (base 3) to base 11.
-7440476
-1781861 (base 9) to base 6
-33223344
Convert 68936 (base 11) to base 7.
563305
What is 91259 (base 10) in base 11?
62623
What is 9503 (base 13) in base 12?
bb25
Convert -87ed3 (base 16) to base 8.
-2077323
What is -4141000 (base 5) in base 4?
-100222122
Convert 21140401 (base 5) to base 8.
532701
Convert 61e140 (base 15) to base 9.
8673576
Convert 445484 (base 12) to base 3.
2001020220001
What is -40021502 (base 6) in base 12?
-461892
565105 (base 7) to base 10
100210
-1104250 (base 7) to base 14
-37797
What is 75eb1e (base 15) in base 2?
10101011011101101001000
Convert -11110110001010101010 (base 2) to base 12.
-40760a
168b64 (base 13) to base 11
35440a
What is -b58500 (base 12) in base 8?
-12710720
-36314341 (base 7) to base 10
-3230893
What is 312016 (base 7) in base 9?
81367
-7505303 (base 10) to base 11
-4266933
Convert -2868 (base 14) to base 6.
-53032
Convert -4232d (base 16) to base 2.
-1000010001100101101
65240403 (base 7) to base 5
2411313140
Convert 41432 (base 10) to base 15.
c422
What is 18d4 (base 14) in base 11?
341a
Convert 1011010010011111100111 (base 2) to base 10.
2959335
34a3b (base 14) to base 12
62265
What is -110202110120 (base 3) in base 16?
-3d4eb
Convert -1248483 (base 10) to base 4.
-10300303203
Convert -1624021 (base 9) to base 8.
-3341240
Convert -226333 (base 8) to base 11.
-52958
Convert -22352412 (base 7) to base 13.
-531804
Convert -1020220313 (base 4) to base 16.
-48a37
What is 6afb9 (base 16) in base 10?
438201
What is -177702 (base 11) in base 14?
-71a64
Convert 4149539 (base 11) to base 13.
1693185
What is 12202021002120 (base 3) in base 5?
1240243122
206424 (base 8) to base 11
47832
Convert 103230203 (base 4) to base 15.
18d85
What is -12e68de (base 15) in base 6?
-1204205532
Convert 100200001201120 (base 3) to base 5.
2303413040
-5445a (base 15) to base 12
-10aa4a
Convert -50013 (base 10) to base 14.
-14325
What is 231b9 (base 15) in base 12?
54826
What is -92cda (base 16) in base 3?
-1010112211121
331310322 (base 4) to base 12
102676
1154555332 (base 6) to base 3
221012021212202
24320203 (base 5) to base 10
229428
Convert -1020223201103 (base 4) to base 7.
-320642006
What is 1b4b2 (base 16) in base 3?
12200100112
Convert 16340136 (base 7) to base 11.
996275
What is 461260 (base 9) in base 2?
1000011100000011011
4cf77 (base 16) to base 3
121000110010
-33201000 (base 4) to base 5
-4013202
What is -2345887 (base 9) in base 14?
-2510c5
What is -213663 (base 10) in base 16?
-3429f
Convert 11696243 (base 10) to base 9.
24006205
Convert 111220102002 (base 3) to base 13.
9774b
What is -40211351 (base 6) in base 9?
-2122534
What is -200220001010121 (base 3) in base 15?
-d34871
1383b (base 15) to base 5
4000411
-2010503 (base 6) to base 2
-10111001001000111
What is 4edf2 (base 16) in base 8?
1166762
What is -200100232 (base 4) in base 10?
-132142
Convert -1678015 (base 9) to base 10.
-937508
111001010110 (base 2) to base 8
7126
Convert 64934 (base 10) to base 12.
316b2
Convert 34681 (base 10) to base 9.
52514
3013111233 (base 4) to base 15
111dd0
What is -769b0 (base 13) in base 3?
-101220121120
333436 (base 9) to base 5
22334444
What is 8410167 (base 9) in base 16?
44945b
d61d73 (base 14) to base 5
3322240401
What is -217aa8 (base 11) in base 13?
-c2172
112020011200 (base 3) to base 11
181462
What is 2645917 (base 10) in base 6?
132413341
Convert -17a1808 (base 12) to base 14.
-927824
What is -1346775 (base 8) in base 7?
-3143035
What is 112203303101 (base 4) in base 2?
10110100011110011010001
Convert -14cc8 (base 14) to base 15.
-105b5
What is 19996 (base 13) in base 12?
24b0a
Convert 189c47 (base 13) to base 11.
395059
90873 (base 13) to base 12
105713
Convert -120061b (base 12) to base 10.
-3484535
Convert 1982212 (base 10) to base 13.
54530b
What is -133045 (base 8) in base 12?
-22b99
What is 9a262 (base 12) in base 13?
71c8a
10011111110001101110101 (base 2) to base 4
103332031311
Convert -35865 (base 10) to base 16.
-8c19
What is 7bca (base 13) in base 11?
12092
Convert 2cc47 (base 14) to base 2.
11011011000101111
1759149 (base 10) to base 7
20644500
Convert -1533431 (base 6) to base 2.
-10110000001111011
What is 24422322 (base 6) in base 10?
780746
5544c5 (base 13) to base 4
13222130333
-c473b (base 15) to base 12
-26039b
What is -286778 (base 11) in base 4?
-1231122110
282341 (base 12) to base 14
13537b
126d7 (base 16) to base 7
433025
-161453 (base 15) to base 13
-2b4b59
What is -446278 (base 9) in base 2?
-1000001001100100111
What is -2135 (base 16) in base 10?
-8501
-1100111010010001001001 (base 2) to base 8
-14722111
657041 (base 10) to base 3
1020101021212
What is 95aa2 (base 13) in base 3?
111201011200
What is 3475 (base 11) in base 15?
153e
Convert -13eb8 (base 15) to base 11.
-44159
413212030 (base 6) to base 16
6d2fd2
4054255 (base 6) to base 2
101111011000011011
What is 103420403 (base 5) in base 9?
757123
1e062 (base 15) to base 2
10111111010101111
What is 50867 (base 9) in base 13?
12340
-2fcf2 (base 16) to base 12
-953aa
Convert 13332111002 (base 4) to base 3.
10221012100202
10a35c9 (base 13) to base 5
2302320040
What is 773d2b (base 14) in base 16?
3db6d3
Convert -42311 (base 7) to base 16.
-28cd
Convert -100110201002 (base 3) to base 11.
-118064
Convert 4075355 (base 9) to base 15.
2ce96e
Convert 23a844 (base 15) to base 2.
110100000100011111111
What is -65